is the value of (0 + 79 - -4) + (-52 - -36) - -10?
77
What is -3 + (10 - (-1 + 9) - -2 - 9) + -14?
-22
-29 - (4 + -17) - (42 + (30 - 9))
-79
Calculate (14 - (5 - 11) - 14) + -2 + -35.
-31
Evaluate (24 - -8) + 5 - (10 + 2 - -1).
24
Calculate -6 - ((-59 - -27 - -24) + (0 - -2) + -30).
30
What is 25 - (-3 - (-4 - (11 - 6 - 11)))?
30
(66 - (54 - 48)) + -146
-86
Evaluate 19 + -27 + 13 - (-1 + (64 - -13)).
-71
Calculate 0 - -5 - (-742 - -764) - 3.
-20
What is -5 + 31 + -16 + (1 - 18) + 15 + 7?
15
What is (-23 - -20) + -3 - (7 - 71 - -8)?
50
Evaluate -98 + 8 + (19 - 0 - 7) + (0 - 8).
-86
0 - 69 - (83 + -28 + -49 - (3 + 1))
-71
What is 264 - 351 - (-6 - 79)?
-2
Calculate (8 - -14) + -8 + (7 - 136) + 0.
-115
What is (225 - 255) + (40 - -3) + 1 + -90?
-76
20 + (-52 - -101 - 91)
-22
What is -133 + 41 + 126 - 84?
-50
19 - 1 - (5 + -38 - -4)
47
Calculate -27 + (9 - (-21 - -32)) + 2.
-27
Evaluate -13 + 26 + -43 + 23 + (-3 - 49).
-59
What is the value of (9 - (-15 + 28)) + -11?
-15
Evaluate 362 - 365 - (14 + 0) - -17.
0
What is the value of -41 - (-3 + 0 + 7 + 5 + 12 + -24)?
-38
What is the value of 17 - (29 + 10 + -9) - (-124 + -1)?
112
Calculate (-19 - -50) + -21 - 1 - (-1 - 5).
15
-10 + -3 + -60 - (-9 - (-13 + -2)) - -7
-72
Evaluate 1 - -13 - ((2 - -48) + 8).
-44
-4033 + 3989 + (-5 - 2) + 3
-48
Evaluate 21 - 1 - (-12 - (-29 - (-28 - -27))).
4
Evaluate -83 - (70 + -85) - -144.
76
Calculate (40 - -6 - 2) + -20 + 35 + -13.
46
Calculate 10 + (12 - ((37 - -17) + -3)).
-29
Evaluate (23 - (8 - -8 - 22)) + 1.
30
What is the value of (0 - -1) + -7 + 16 + (29 + -84 - -57)?
12
What is (11 - -11) + -10 + (17 - 7 - 3) + -136?
-117
Calculate (-111 + 106 - (1 + 4)) + (147 - 7) + -8.
122
What is the value of (-50 - -84 - 4) + -15?
15
-9 + 16 - (-78 + 40 - -111)
-66
What is the value of -45 + 0 + 8 + (-35 - -39) - 19?
-52
What is the value of (-4966 - -4890) + 84 + 1?
9
Calculate -18 - -88 - (172 + -106).
4
Evaluate -17 + ((45 - 30) + 60 - (-1 + 4)).
55
What is the value of -41 - (-44 - 33) - -11?
47
Calculate 23 - -4 - (53 - -20).
-46
Evaluate 1 + -12 - (18 + -21 + -36 + 25).
3
Evaluate -3 - -1 - -3 - (-2686 - -2700).
-13
Calculate -93 + -4 + 88 - (-50 - (1 + -1)).
41
-7 - (-2 + (13 - 18)) - 27
-27
(1 - (57 - (-6 + -17))) + 18
-61
15 + 7 + -30 - 9 - -26
9
Evaluate 60 - (10 - 30) - 74 - (1 - (1 + -26)).
-20
Calculate (1 - -5) + 3 - (29 + (-90 - -63)).
7
What is 23 + 7 + -5 + -14 - (67 + 2 + -1)?
-57
Calculate (159 - 78) + -132 + (-2 - 19).
-72
1 - (-84 + -8 + 43)
50
(-25 - -57) + -14 + (2 - -8)
28
465 - 440 - (126 + -7) - (0 + 15 + 0)
-109
Calculate (4 + 3 - ((-15 - -19) + 1) - -4) + -21.
-15
Calculate (-202 - -229) + -17 + 2 + (0 - -12).
24
Calculate 10 + -6 - 44 - -25.
-15
Evaluate (3 + -3 - -13) + -3 - (-62 + 84 + -123).
111
-112 + -11 - -112 - (1 + 25 + (-3 - -1))
-35
Evaluate 19 + 12 + (7 - 1 - (-15 - -12)).
40
Evaluate 20 - (-32 + 34) - -17.
35
54 - ((-4 - -3) + (-41 + 20 - (9 - 26)))
59
Calculate 18 + -43 + -115 - -65.
-75
What is the value of -26 - -5 - ((47 - 158) + 44)?
46
Calculate 31 + -57 + 17 + (-3 - (37 + -3)) + 0.
-46
What is (-16 - -40) + -16 + 5 + -26?
-13
Evaluate -16 + 58 + (38 - 33) - 27.
20
What is 34 + (50 - 8) + -94 + 132 + -1?
113
Calculate (1 - (6 - 4) - 4) + (-103 - -97).
-11
What is the value of (7 - 13) + (7 + (-3 - -4) - (-1 + -15))?
18
Evaluate -15 - (-114 + 9 - -50).
40
What is -1 + (18 - (-16 + 24 + -11)) + 12?
32
6 + (29 - (-20 - (-18 + 14)))
51
What is 2019 - 1984 - (1 + 26)?
8
What is the value of -1 + (-20 - 1) + (5032 - 5011)?
-1
What is the value of 79 - 1 - (8703 + -8559)?
-66
What is 56 + (-2 + 19 + -149 + 118 - -12)?
54
Calculate (4 - 1) + (-2 + -7 - -11 - 0) + 46.
51
What is 466 + -484 - (-1 - -5) - (-2 + (12 - -2))?
-34
What is the value of -61 - (-85 - -28) - 25?
-29
Calculate ((6 - 1) + (32 - 31) - -32) + (-1 - -3).
40
What is the value of -8 + (-5 - (-107 - -86 - (-8 + -2))) - -57?
55
36 + -76 + 10 + -54
-84
Calculate 23 + (15 - 30) + (-1 - (-28 + 1)).
34
Calculate -35 + (136 - 143) - -109.
67
Evaluate -6 - -4 - (2615 + -2539).
-78
Calculate -297 - -420 - (5 - -41).
77
1 + (-79 - ((-38 - -24 - -25) + -6 + -1))
-82
Calculate (12 - (0 - (-2 - (16 - 17)))) + (19 - -1).
31
Evaluate -29 + 27 + (-20 - -5) - (-36 + -98).
117
What is the value of 15 - ((-42 - -20 - -29) + -7)?
15
Evaluate 120 + (-226 - (-21 - 92)).
7
Calculate -15 + -5 + (77 - 18).
39
Calculate (-2 - 32 - -82) + -75.
-27
Calculate 1 + -97 + 93 - ((0 - -1 - 2) + 6).
-8
Calculate -97 + -28 + (12 - -5) + 27.
-81
Evaluate (13 - (7 + -7) - 5) + (89 - 137).
-40
Calculate (136 - 129) + (5 - -68 - ((-2 - 2) + 0)).
84
2 - (5 - 18 - -19 - 21)
17
-65 + 90 + -74 + 80
31
Evaluate (4 - (-3 + (-1 - (6 - 22)))) + -9 + -4.
-21
Evaluate (-8 - 14) + (-39 - -48) - -20.
7
Calculate 74 - 25 - 42 - (-44 + -19).
70
What is the value of (-146 + -1 - -149) + -50 + 0?
-48
Calculate 60 + 0 + (351 - 480).
-69
Evaluate 6 + -19 - -25 - -28 - (-4 + 9 - 13).
48
-101 + (78 - 76 - -247)
148
What is the value of 17 + (-54 - -12) + 24 + 42?
41
What is the value of 6 + -8 + 10 + 3 - 38 - 5?
-32
Calculate (2 - -5) + (-23 - -10) - (-121 + 89).
26
(-4 - 27) + 12 - 41
-60
Calculate -95 + (11 - (-17 - (-32 + 17))).
-82
What is the value of 0 + 116 - (691 + -632)?
57
What is the value of (-8 - -5) + -28 + (-19 - -13) + -11?
-48
What is the value of 91 + (-35 + 1 - -28)?
85
What is 15 + 2 + 52 + -105 + 50?
14
Calculate -2 - 8 - -20 - ((-7 + -2 - 3) + 5).
17
Evaluate 15 + (78 - 85) + 34.
42
Evaluate -2 + 2 - ((-36 - (1 + -21)) + 54).
-38
Evaluate 32 + 1 - (88 - 44).
-11
Calculate 20 + 0 + 1 + 8 + 8.
37
Calculate 29 - (46 + (-38 - 3)).
24
Calculate 10 + -1 - (8 - (-174 + 180)).
7
-223 + 217 + 10 + -1 + (-4 - -2)
1
What is the value of 260 - (-143 - -239) - 100?
64
What is the value of 68 - (-45 + 62) - 37?
14
Calculate -250 + 288 + (-34 - -3 - -1) + -110 + 0.
-102
What is the value of -39 + (-36 - 7) + 83?
1
Calculate 35 + 1 + 0 + (100 - 252 - -142).
26
Calculate 16 + 7 + -30 + 2 + 60 + -59.
-4
What is the value of (-14 + 12 - 17) + (-17 - -30 - 100)?
-106
Calculate -80 - (-13 + -95) - (-8 + (-1 - 2)).
39
-2 + 24 - (-382 - -193 - -112)
99
What is -1 + -2 + 1 + 0 + (0 - -227) + -285?
-60
Evaluate 17 + 0 - (-13 + (-13 + -2 - -25 - 4)).
24
Evaluate (-48 - -23) + -2 + 15 + -34.
-46
What is the value of (-76 - -21) + 4 + 20?
-31
What is (454 - 475) + (2 + 4 - (3 + 2))?
-20
What is (-25 - 2) + (-142 - -170) + -102?
-101
Evaluate 7 - (-7 + 6) - (-12 + -20 + 20).
20
Calculate (-16 - (-3 + 6 + 10)) + -8.
-37
What is the value of -6 + -1 + -31 + (-61 - (-112 + 67))?
-54
(25 - 33) + (5 - (5 + -4 + (23 - 32)))
5
Evaluate 6 + 4 + (33 - 89 - -31).
-15
Evaluate -23 + (-6 + 1 - (-70 + -6 + 58)).
-10
Calculate 183 + (43 + -173 - -7).
60
Evaluate -11 + (33 - (-37 - -100) - (0 - 15)).
-26
What is the value of 2 + (-7 - (-4 + 3)) - (-742 + 754)?
-16
Calculate -1 + 16 + -23 + -13 + -1.
-22
What is 702 - 711 - ((-1 - (0 + 0 - -3)) + 24)?
-29
What is the value of -1 - (-198 - -31) - 44?
122
-1499 + 1434 - (2 + -129)
62
What is (3 - (68 + -16)) + (-1 - (9 + 0))?
-59
(8 - -16) + -33 + -55
-64
What is (10 - 10) + 14 + 92 + -63?
43
What is -69 + (59 - -20) + 36?
46
What is the value of (9 - (2 - 13 - -17)) + -32 + -58?
-87
What is (3 + -1 - 32) + (-19958 - -19964)?
-24
What is the value of (-116 - -187) + 104 + -156?
19
What is (-4 - 0) + -26 + (6 - -8) + 40?
24
Evaluate (43 - (119 - 95)) + -66 + -1.
-48
0 + 49 - (2857 + -2880)
72
What is 1 + (0 - 1) - 9 - (-9 - 23 - -35)?
-12
Calculate (37 + -42 - (-12 + 12)) + (0 - -33).
28
What is 158 + -67 + (-9 + 86 - 28)?
140
35 + -21 - (5 - (-15 + 13 + -59))
-52
What is -50 + 98 + -112 + -1 + 17?
-48
Evaluate 5 + ((1 - 8) + -2 - 0) + 66 + -71.
-9
What is the value of -51 - (11 + -42) - ((-85 - 5) + 1)?
69
What is the value of -3 + 0 - ((20 - (25 - -51)) + 10)?
43
35 - (1 + 0 + -33 - -14)
53
What is -16 - (13 - (9 + -10))?
-30
Evaluate -46 - (14 - 31) - -8.
-21
10 + (9 - 18) + 12 + -19 - (-71 + -1)
66
What is the value of (5 - 21) + (243 + -228 - (-2 - -1))?
0
What is the value of 37 + -30 - (-7 + 9 + 1 - -8)?
-4
Evaluate (-16 - -31 - 5) + -14 - -34.
30
What is (-7 - 3) + 8 + (-4 - (15 + -26))?
5
Calculate 99 - (22 + 5 - 7) - 7 - -17.
89
What is the value of (-497 - -531) + -22 + 0 - (-29 + -1)?